?
4
Suppose -3*y - 8 = -3*t - 29, 4*y + 5*t + 17 = 0. Let i(o) = 0*o + 1 - 2*o + y. What is the units digit of i(-3)?
9
Let j(v) = v. Suppose t + 2*d = 8, 4*t - 4*d + 2*d = -18. Let l be j(t). What is the tens digit of 1/l - 21/(-2)?
1
Let j be 1 + -2 + 33 - 0. Let a = j - 22. What is the tens digit of a?
1
Let j(a) be the second derivative of -a**5/10 + a**4/4 - a**3/6 - a. Let l be j(2). Let b = l - -11. What is the units digit of b?
5
Let y(w) be the third derivative of 7*w**5/60 + w**4/12 - w**3/6 - 3*w**2. Suppose 0 = a + 3*a - 4. What is the units digit of y(a)?
8
Let s(l) be the first derivative of 1/3*l**3 + 13*l - 5*l**2 - 3. What is the units digit of s(9)?
4
Let h = -4 + 14. Let p = h + -6. What is the units digit of p?
4
What is the hundreds digit of ((-6)/(-2))/(15/985)?
1
Suppose -3*f - 16 = -7*f. Suppose 0 = f*u - 55 - 1. What is the tens digit of u?
1
Suppose -2*g = 3*g. Suppose g = -2*q + 4*f, -2*q - 12 = -7*q - 2*f. Suppose 0 = a + 2*a + q*o - 17, -3*o = 5*a - 27. What is the units digit of a?
3
Suppose -2*d = 2 - 6. Suppose -p + d*p = 7. What is the units digit of p?
7
Let b = 6 + -7. Let j(x) = 2*x**2 + 1. Let c be j(1). Let l = b + c. What is the units digit of l?
2
Let k(c) = -c**3 + 15*c**2 + 17*c - 29. Let v be k(16). Let t(p) = p**3 + 6*p**2 - 2. Let m be t(-6). Let u = m - v. What is the units digit of u?
1
Suppose 0 = -5*w + 4*h - 257, -61 = 4*w - 2*h + 147. Let z = -28 - w. What is the units digit of z?
5
Let i be (-3)/12 - (-42)/8. Suppose -3*x = 5*c - 3*c - 117, i*x = 2*c - 77. What is the units digit of c/12 - 2/8?
4
Let u(z) = -63*z - 1. Let i be u(-2). Suppose x - i = -5*g, -2*g - 5*x = 2*g - 121. What is the tens digit of g?
2
Let d(g) = -g**3 + 2*g**2 + 5*g - 2. Let k(a) = -a + 11. Let z be k(8). What is the units digit of d(z)?
4
Suppose 2*d - 6 - 2 = 0. What is the units digit of -18*1*(-2)/d?
9
Suppose 0 = -4*b - 23 + 135. Let j be (-38)/(-12) + -3 + 6/(-36). Suppose j = 2*t - b + 2. What is the tens digit of t?
1
Let h(c) = c**2 - 17*c + 6. Let k be h(7). Let g = -32 - k. What is the units digit of g?
2
Let t(g) = 3*g**2 + 1. Let s be t(-1). Suppose 2*w + 2*h - 4 = 0, 4*h = 2*w - 4*w + s. Suppose 30 = w*l - k, 2*l - 4*k - 8 = 10. What is the tens digit of l?
1
Suppose -3*a - 14 - 19 = 0. Let s = a + 25. What is the units digit of s?
4
Let w(o) = -3*o + 7 - 5 - 1. What is the units digit of w(-1)?
4
Let d(v) be the third derivative of 2*v**5/15 + v**4/12 + v**3/6 - 4*v**2. What is the tens digit of d(2)?
3
Suppose 3*c - 4*t - 80 = -7, 0 = 5*c + t - 160. What is the units digit of c?
1
What is the units digit of (-35)/(-3) + 80/15 + -6?
1
Suppose 2*t - 103 - 89 = 0. What is the units digit of t?
6
Suppose 4*d = -3*c - 77, -c - 4*c - 5*d - 125 = 0. Let o = c + 34. What is the units digit of o?
1
Let b(s) = s**2 + 4*s - 1. Suppose 0 = n + o + 11, n + 0*n - 3*o - 9 = 0. What is the units digit of b(n)?
1
Suppose -2 = s - 24. What is the tens digit of s?
2
Let m(f) = -f**2 + f. Let b(z) = -z**3 - 9*z**2. Let j be b(-9). Let h be m(j). Suppose h = -5*p - 9 + 44. What is the units digit of p?
7
Let k = 0 + 5. Suppose -11 = 3*t + 1, -k*t = q + 13. What is the units digit of q?
7
Let i(m) = 2 - 2*m - 9 - 3*m + 2*m**2. Let f be i(5). Suppose f - 2 = s. What is the tens digit of s?
1
Suppose 4*b = 3*z - 8, 3*z - 10 = -2*z + 5*b. Suppose o = -4*m - 0*m + 158, 5*o - 10 = z. What is the units digit of m?
9
Let l(r) be the third derivative of -r**4/4 - r**3/6 + 8*r**2. What is the units digit of l(-1)?
5
Let l = 276 + -93. What is the units digit of (-4)/(-14) - l/(-21)?
9
Let r be 18/(-12)*16/(-6). Let l be 91 - (r - 1 - 2). Suppose -4*d + l = d. What is the units digit of d?
8
Let z(q) = -q**2 - 6*q - 3. Let r be z(-5). Let l = r + 0. What is the units digit of l?
2
Suppose 0 = -5*p + z + 16, -3*p - z + 6 = 2*z. Suppose -4 - 26 = -3*u + p*f, -3*u + 5*f = -24. What is the units digit of u?
3
Suppose -5*a + 2 - 16 = -4*s, 5 = -4*a - 3*s. Let z(j) be the second derivative of j**4/6 - j**3/6 - 5*j. What is the units digit of z(a)?
0
Let x(f) = f**3 - 2*f**2 + 5*f - 4. Suppose -2*c + z + 8 = 0, c = 2*c + 5*z + 7. Let m be x(c). Suppose 0 = 2*s - m - 6. What is the tens digit of s?
1
Let z(q) = -q**2 - 8*q - 6. Let s be z(-7). What is the tens digit of 6/4*s*18?
2
What is the tens digit of (-146)/(-6) - 2/6?
2
Suppose 5*u - 123 + 33 = 0. What is the tens digit of u?
1
Suppose 0 = 3*o + 36 - 123. What is the tens digit of o?
2
Let k(h) = h**3 + 4*h**2 - 5*h - 1. Let l be k(-5). Let t(j) = -3*j. Let f be t(2). What is the units digit of (3/f)/(l/4)?
2
Let a be 70/(-6) - (-2)/(-6). Let r be a/(3/((-27)/6)). Let z = r - 13. What is the units digit of z?
5
Let g(v) = -3*v - 3. Let a(p) = -p**3 - 3*p**2 + p - 2. Let h be a(-2). What is the tens digit of g(h)?
2
Suppose 3*s = -4*y + 37, 5*s + 3*y - 39 = 2*y. Suppose -l - s = -3. Let p = 6 + l. What is the units digit of p?
2
Let k(z) = -4*z - 6. Let w be k(-5). Suppose 5*y - 46 = 4*x, 4*y + 4*x = 3*y + w. What is the units digit of y?
0
Let z(h) = h**3 + 6*h**2 - 10*h - 8. Let t be z(-8). Let g = -38 - t. What is the tens digit of g?
1
Suppose 2*w - 2*l - 34 = 0, 3*w + l + 14 = 53. What is the units digit of w?
4
Let z = -6 - -9. Let m(l) be the third derivative of -l**4/24 + 2*l**3/3 + 2*l**2. What is the units digit of m(z)?
1
Let o(a) = -16*a. Let j(t) = -11*t. Let w(i) = -7*j(i) + 5*o(i). What is the units digit of w(-5)?
5
Let a = -45 + 93. What is the units digit of a?
8
Let a(r) = -r**2 - r - 1. Let g(s) = -7*s**2 + 2. Let k(b) = -6*a(b) + g(b). Suppose 0 = -5*c + 14 + 16. What is the units digit of k(c)?
8
Suppose 17 = -5*h + 362. Let a = h - 40. What is the tens digit of a?
2
Let s(x) = -5*x + 2. Let t be s(-4). Let j(y) = -y**2 - 6*y + 2. Let r be j(-6). Suppose r*k - t + 4 = 0. What is the units digit of k?
9
Suppose -3*d + 0*d + 373 = -4*v, -3*v - 126 = -d. What is the hundreds digit of d?
1
Let p be 10/55 + (-42)/(-11). Suppose h - 59 = -5*a - 0*a, h = p. What is the units digit of a?
1
What is the units digit of 8/20 + 196/10?
0
Let j(x) = x**3 - x**2 + 46. Let z be j(0). Let m = -10 + z. Suppose 5*s - 2 = -2*n, -3*s = -5*n - 0*s + m. What is the units digit of n?
6
Let y(u) = u**2 - 4*u + 4. Let k be y(4). Let i(g) = -g**3 + 4*g**2 - g + 2. Let j be i(k). What is the units digit of j/(-9) - (-16)/9?
2
Suppose 91 = 2*m + m - 5*o, 4*o = m - 35. What is the tens digit of m?
2
Let z be 7*1*60/35. Let t = -8 + z. What is the units digit of t?
4
Suppose -k + 0*k = -16. Suppose 5*a = -5*v + 12 + 53, -4*v + 41 = 3*a. Let r = k - a. What is the units digit of r?
5
Let w = 64 + -43. What is the units digit of w?
1
Let p = -99 + 175. What is the tens digit of p?
7
Let w = -69 - -125. Let g = w + -33. What is the units digit of g?
3
Let x(h) = h**3 - 3*h**2 - 3*h - 3. Let y be x(3). Let n be ((-4)/6)/(y/90). Suppose 4*r = -4*p + n*r + 45, 4*r + 4 = 0. What is the tens digit of p?
1
Let h(t) = -20*t + 29. What is the units digit of h(-13)?
9
Suppose 4*c + 53 = 5*c. What is the units digit of c?
3
Let w(j) = -j. Let k be w(-4). Suppose 0 = 5*s + o - 17, -o = -s + 3 + k. What is the units digit of s?
4
Let d(j) = 5 + j - 4*j + 4*j. Let p = 4 - 4. What is the units digit of d(p)?
5
Let h be 4/(-14) + 46/14. Suppose 1 + h = 4*i. What is the units digit of i/2 - (-9)/2?
5
Suppose 6*c = 4*c + 52. What is the tens digit of c?
2
Let m = 1 + 87. What is the tens digit of m?
8
Let o be 14*23 + -6 + 4. What is the tens digit of 6/(4*12/o)?
4
Let p be (-2 - 1) + 244 + 2. Suppose 0*d = 4*d - 5*m - p, 0 = d + 4*m - 45. What is the tens digit of d?
5
Suppose -2*k = 5*g - 33, 4*g - 2 = -3*k + 37. Let u(b) = -b**3 + 8*b**2 + 8*b + 12. Let r be u(k). Suppose 16 = r*n + n. What is the units digit of n?
4
Suppose -6 = 5*n - 3*y, 0 = -5*n + 2*y - 6*y - 27. Let z = n - -4. Suppose c - 2*c = -z. What is the units digit of c?
1
Let k be (-1 - 17)*50/(-15). Suppose 3 = i, -k - 92 = -5*u - 4*i. What is the units digit of u?
8
Let a = -16 - -10. Let k be 15/a*(-16)/10. Suppose -2*b + 7 = -t - 4*b, -t - k*b = 17. What is the units digit of t?
3
Let i(w) = -2*w**3 - 10*w**2 - 2*w + 8. Let k(c) = -3*c**3 - 19*c**2 - 4*c + 16. Let s(d) = 5*i(d) - 3*k(d). What is the units digit of s(7)?
6
Suppose 0 = 3*k 